ded by m?
6
Let q(m) be the second derivative of m**5/20 + 7*m**4/12 + m**3/2 - 9*m**2/2 - 4*m. Let z = -43 + 37. What is the remainder when q(z) is divided by 3?
0
Suppose -19*g + 1628 = -1146. What is the remainder when 170 is divided by g?
24
Suppose -58 = -y + 3*d, y + 3*d - 11 = 41. Suppose -3*o + 5*z = -7*o + 55, -2*z + 43 = 3*o. Calculate the remainder when y is divided by o.
10
Let q(h) = h**2 - 12*h + 59. Calculate the remainder when q(8) is divided by 10.
7
Suppose w + 144 = 9*w. Calculate the remainder when 48 is divided by w.
12
Let i(v) = 7 + 0*v - 4 - 5 + 4*v. What is the remainder when 16 is divided by i(4)?
2
Let h = -88 + 43. Let m be 6/h + 219/(-45). Let f = m + 7. What is the remainder when 2 is divided by f?
0
Let r(o) = 3*o**3 + o**2 + o + 2. Suppose -72*f + 75*f = -3*c + 264, -4*f - 158 = -2*c. Calculate the remainder when c is divided by r(2).
21
Calculate the remainder when 208 is divided by (-50)/(-30)*3 - (-6)/2.
0
Suppose 7 + 14 = 3*a. Suppose u = -0*u + a. What is the remainder when u is divided by (4 + (-1 - 4))*-5?
2
Let c(v) = 5*v + 203. What is the remainder when 91 is divided by c(-36)?
22
Let l be (-4)/(-10) + (-321)/15. Let a = -8 - l. Let t = -47 + 83. Calculate the remainder when t is divided by a.
10
Let z = -294 + 299. Suppose -m = -3*m. Suppose 2*f - 2*s = 10, m = 4*f + 2*s - 17 - 27. What is the remainder when f is divided by z?
4
Let p(k) = 2*k**3 + 16*k**2 + 8*k + 76. What is the remainder when 118 is divided by p(-8)?
10
Suppose -36 + 70 = 2*r. What is the remainder when 66 is divided by r?
15
Let j = 68 + -44. Suppose -4 - 1 = -2*b + 5*d, -j = -5*b + d. Calculate the remainder when 39 is divided by b.
4
Let f(t) = -3*t - 3. Calculate the remainder when f(-7) is divided by 11.
7
Suppose 4*i = s + 125, 0 = i + 4*s - 8 - 19. What is the remainder when 400 is divided by i?
28
Suppose 56*i - 61*i + 4*h = -107, 0 = -3*i - 5*h + 5. What is the remainder when (-1 + 0)*(-42 + 1) is divided by i?
11
Suppose t = -4*l + 480, -t = 5*l - 239 - 360. Calculate the remainder when l is divided by 63.
56
Let f(l) = 17*l + 520. What is the remainder when 858 is divided by f(-30)?
8
Let k(r) = r**2 + 4*r - 1. Suppose 4*b + 7 + 23 = 2*z, 3 = z. Let a(d) = 30*d**2. Calculate the remainder when a(1) is divided by k(b).
8
What is the remainder when 196 is divided by (30/(-18))/((-75)/4860)?
88
Let m(n) = 2*n + 1. Let l be m(0). Calculate the remainder when 3/l*(-7)/(-7) is divided by 3.
0
Let i = -1740 - -1877. What is the remainder when i is divided by 59?
19
Let l = -185 + 64. Let g = -87 - l. Calculate the remainder when g is divided by 7.
6
Suppose -62*a - 2069 + 12423 = 0. What is the remainder when a is divided by 5?
2
Let i(n) be the second derivative of -1/6*n**3 + 0 + 5/2*n**2 + 6*n. What is the remainder when 5 is divided by i(3)?
1
Let o = -87 + 159. Suppose -29*b = -27*b - o. What is the remainder when 139 is divided by b?
31
Let p = -123 + 191. Suppose -5*i + 51 + 13 = v, 4*i + 5*v = p. Calculate the remainder when 95 is divided by i.
11
Suppose 42 = 3*k - 2*o, 2*o = 2*k - 28 - 2. Calculate the remainder when k is divided by 18/(-45)*(0 - 5).
0
Suppose -22*q + 1734 = -5*q. Calculate the remainder when q is divided by (-479)/(-9) + 26/(-117).
49
Let v(f) = -f**3 - 5*f**2 - 11*f - 6. Let d be v(-3). Suppose d*k + 68 - 194 = 0. What is the remainder when k is divided by 10?
4
Let d be 6/(-8) + (-658)/(-56). Suppose 2*s + p = 83 - d, 4*p = -16. Calculate the remainder when s is divided by 13.
12
Suppose -6*o = 2 + 28. Let z(r) = -r**2 - 5*r + 5. Calculate the remainder when 2/1 - 2 - -14 is divided by z(o).
4
Let z = 224 - 46. Suppose -2 = -d + 2, 2*d - z = -5*o. Suppose -511 = -12*i + 1109. What is the remainder when i is divided by o?
33
Let i = 608 + -422. Calculate the remainder when i is divided by 63.
60
Let c be (40/(-6))/((-4)/(-30)). Suppose 2*q - 81 = 107. Let s = c + q. What is the remainder when s is divided by 15?
14
Suppose -2*w - 4*f + 124 = 0, -5*f = -54*w + 58*w - 236. What is the remainder when w is divided by 47?
7
Let l(r) = r + 86. What is the remainder when l(-10) is divided by 39?
37
Let u(g) = 22*g**2 + 4*g + 2. Let j be u(-2). Suppose j + 68 = 2*l. Let d = -25 + l. What is the remainder when d is divided by 13?
11
Let n = -1684 + 2075. Calculate the remainder when n is divided by 79.
75
Suppose 18*z = 17*z + 8. Suppose -9*f + 190 = -z. Calculate the remainder when f is divided by 13.
9
Let w(c) = 4*c**3 + 10*c - 13. What is the remainder when w(4) is divided by 19?
17
Let y = -75 - 2. Let a = y - -85. What is the remainder when a is divided by 6?
2
Suppose 0 = -5*w - 4 - 26. Calculate the remainder when 19 is divided by 0/w*-1 + (12 - 2).
9
Suppose -2*w + 21 = w. Suppose -w*o = -11*o + 36. Suppose o*m - 4*m = j + 207, 0 = -m + j + 43. Calculate the remainder when 80 is divided by m.
39
Suppose -5*r + 2*s = -0*s - 136, -3*r + 80 = -2*s. Let z = r - 17. Calculate the remainder when 51 is divided by z.
7
Suppose -3 - 3 = 2*d. Let h(y) = -2*y**3 + 5*y**2 - y - 4. Calculate the remainder when h(d) is divided by 33.
32
Suppose 2*t = -4*b + 44, -3*t - 3*b + 83 = t. Let c = -18 - -11. Let h(x) = x**3 + 8*x**2 + 3*x + 9. Calculate the remainder when h(c) is divided by t.
17
Suppose -2*y + 137 = 31. What is the remainder when 205 is divided by y?
46
Let t = 1677 - 1572. Calculate the remainder when 417 is divided by t.
102
Suppose 10*z - 37015 = -z. What is the remainder when -1*3/24 + z/40 is divided by 44?
40
Suppose -9*x + x + 1248 = 0. Calculate the remainder when x - (2 - ((-2)/(-2) - -1)) is divided by 40.
36
Suppose 90 + 320 = 5*y - 3*z, -y + 4*z + 99 = 0. What is the remainder when 315 is divided by y?
78
Let q(o) = o**2 - 7*o + 39. Let a(v) = v**3 - 3*v**2 - v + 2. What is the remainder when q(7) is divided by a(4)?
11
Suppose 39*w = 59*w - 6380. Calculate the remainder when w is divided by 77.
11
Suppose 0 = 5*l - n - 19, 3*l + 5*n - 3*n = 14. Suppose -30 = -v + 5*b, -30 = -5*v - b + 2*b. What is the remainder when v is divided by l?
1
Suppose 0 = p + 12 - 8. Let j(q) = q + 11. Let t be j(p). Suppose -2*v + t = -3. Calculate the remainder when 27 is divided by v.
2
Let z(o) = -o**3 + 2*o**2 + 2*o + 73. Let x = -87 + 87. Let v(w) = 2*w**2 + 1. Calculate the remainder when z(x) is divided by v(-3).
16
Let q(t) = -t**3 - 12*t**2 + 13*t + 2. Let b be q(-13). Let m(g) = 14*g + 1. What is the remainder when m(b) is divided by 8/20 + 76/10?
5
Let l(o) = -o + 9. Let w(f) = 2*f - 17. Let p(g) = -5*l(g) - 2*w(g). Let j be p(13). Suppose z - j = 23. Calculate the remainder when 48 is divided by z.
23
Let c(i) = -i**3 + 15*i**2 + 3*i - 7. Let j be c(15). Let v = -23 + j. Calculate the remainder when 41 is divided by v.
11
Let l be 9*2 + 1 + 0. Suppose -x + 3*g = -l, 4*g = 6*g. What is the remainder when x is divided by 21/4 + 4/(-16)?
4
Let n(d) = d. Let g be n(2). Suppose 0 = -3*l - 3, l + 4*l = 3*s - 14. Suppose 0 = -o - g - 2, -6 = q + s*o. Calculate the remainder when 23 is divided by q.
5
Let z = -70 - -96. Suppose z*t - 22*t - 48 = 0. Suppose 2*v = 3*v - 20. What is the remainder when v is divided by t?
8
Let x = 28 + -2. Suppose 0 = -373*w + 380*w - 308. Calculate the remainder when w is divided by x.
18
Let x = 192 - 182. Let w(s) = s**3 + 2*s**2 - 4*s + 1. What is the remainder when x is divided by w(-3)?
2
Let g(b) = -b**2 + 53*b - 9. Calculate the remainder when g(52) is divided by 10.
3
Suppose -u + 186 - 176 = 0. Calculate the remainder when u is divided by (8/6)/(4/12).
2
Let x = 17 + -15. Suppose 2*m - m = -x. Let o = 21 + m. Calculate the remainder when 93 is divided by o.
17
Suppose -x + 30 = -3*x. What is the remainder when (x + (6 - 2 - 2))*-6 is divided by 21?
15
Suppose -4*d + 96 - 24 = 0. Calculate the remainder when 48 is divided by d.
12
Suppose -q - 2 = -6. Let y = q + 11. Let s = -24 - -82. Calculate the remainder when s is divided by y.
13
Suppose -2*h - 297 = -3*q, 3*q = 6*q + 4*h - 279. Let z = -468 + 482. Calculate the remainder when q is divided by z.
13
Let q(w) = 7*w + 2. What is the remainder when 20/((-120)/126)*-3 is divided by q(2)?
15
Suppose -5*c - 61 = -3*t, -2 = 2*c - 4*c. Suppose 2*r + 0*r + 3 = -5*k, -2*r + 18 = -2*k. Suppose 2*p - 6 = r. Calculate the re